e factors of 5043.
3, 41
List the prime factors of 83531.
7, 11933
List the prime factors of 5074.
2, 43, 59
What are the prime factors of 60225?
3, 5, 11, 73
List the prime factors of 5298.
2, 3, 883
What are the prime factors of 45213?
3, 7, 2153
List the prime factors of 2594.
2, 1297
What are the prime factors of 81?
3
List the prime factors of 38164.
2, 7, 29, 47
List the prime factors of 953.
953
What are the prime factors of 93?
3, 31
List the prime factors of 1104.
2, 3, 23
List the prime factors of 1959.
3, 653
List the prime factors of 6564.
2, 3, 547
What are the prime factors of 5679?
3, 631
What are the prime factors of 12730?
2, 5, 19, 67
List the prime factors of 68543.
68543
List the prime factors of 30748.
2, 7687
List the prime factors of 12871.
61, 211
List the prime factors of 41507.
41507
What are the prime factors of 38264?
2, 4783
List the prime factors of 35120.
2, 5, 439
List the prime factors of 25521.
3, 47, 181
List the prime factors of 107.
107
What are the prime factors of 2083?
2083
List the prime factors of 6222.
2, 3, 17, 61
List the prime factors of 126706.
2, 63353
What are the prime factors of 982?
2, 491
What are the prime factors of 1668?
2, 3, 139
What are the prime factors of 9601?
9601
List the prime factors of 1524.
2, 3, 127
What are the prime factors of 19545?
3, 5, 1303
What are the prime factors of 1116?
2, 3, 31
List the prime factors of 4378.
2, 11, 199
List the prime factors of 18.
2, 3
What are the prime factors of 65?
5, 13
List the prime factors of 652.
2, 163
What are the prime factors of 20047?
20047
What are the prime factors of 27625?
5, 13, 17
What are the prime factors of 742?
2, 7, 53
What are the prime factors of 844?
2, 211
What are the prime factors of 5242?
2, 2621
What are the prime factors of 15335?
5, 3067
List the prime factors of 3264.
2, 3, 17
What are the prime factors of 128085?
3, 5, 8539
List the prime factors of 12214.
2, 31, 197
What are the prime factors of 524?
2, 131
List the prime factors of 622.
2, 311
List the prime factors of 834.
2, 3, 139
What are the prime factors of 5483?
5483
What are the prime factors of 13650?
2, 3, 5, 7, 13
List the prime factors of 4896.
2, 3, 17
List the prime factors of 238.
2, 7, 17
What are the prime factors of 75471?
3, 11, 2287
List the prime factors of 175717.
199, 883
List the prime factors of 2335.
5, 467
What are the prime factors of 38531?
53, 727
What are the prime factors of 6015?
3, 5, 401
What are the prime factors of 1208?
2, 151
List the prime factors of 323.
17, 19
List the prime factors of 57.
3, 19
What are the prime factors of 17129?
7, 2447
What are the prime factors of 8337?
3, 7, 397
What are the prime factors of 48502?
2, 24251
List the prime factors of 966.
2, 3, 7, 23
List the prime factors of 2141.
2141
What are the prime factors of 60091?
60091
What are the prime factors of 1298?
2, 11, 59
List the prime factors of 10298.
2, 19, 271
What are the prime factors of 39537?
3, 23, 191
List the prime factors of 1924.
2, 13, 37
What are the prime factors of 1083?
3, 19
What are the prime factors of 498?
2, 3, 83
List the prime factors of 1457.
31, 47
What are the prime factors of 25245?
3, 5, 11, 17
What are the prime factors of 401?
401
What are the prime factors of 158352?
2, 3, 3299
What are the prime factors of 1040?
2, 5, 13
List the prime factors of 1930.
2, 5, 193
List the prime factors of 1775.
5, 71
List the prime factors of 42317.
11, 3847
What are the prime factors of 3755?
5, 751
List the prime factors of 13730.
2, 5, 1373
What are the prime factors of 2633?
2633
List the prime factors of 66321.
3, 7369
List the prime factors of 1259.
1259
What are the prime factors of 19408?
2, 1213
List the prime factors of 1072.
2, 67
List the prime factors of 808.
2, 101
What are the prime factors of 1446?
2, 3, 241
List the prime factors of 12157.
12157
What are the prime factors of 1529?
11, 139
List the prime factors of 56166.
2, 3, 11, 23, 37
List the prime factors of 767.
13, 59
List the prime factors of 10205.
5, 13, 157
List the prime factors of 8592.
2, 3, 179
List the prime factors of 73659.
3, 43, 571
What are the prime factors of 6792?
2, 3, 283
What are the prime factors of 29341?
13, 37, 61
What are the prime factors of 2153?
2153
What are the prime factors of 12334?
2, 7, 881
List the prime factors of 5133.
3, 29, 59
List the prime factors of 3904.
2, 61
What are the prime factors of 1144?
2, 11, 13
List the prime factors of 971.
971
What are the prime factors of 81?
3
What are the prime factors of 56067?
3, 11, 1699
List the prime factors of 102653.
102653
List the prime factors of 7211.
7211
List the prime factors of 16742.
2, 11, 761
What are the prime factors of 22271?
22271
List the prime factors of 14286.
2, 3, 2381
What are the prime factors of 269?
269
List the prime factors of 28394.
2, 14197
What are the prime factors of 29623?
11, 2693
What are the prime factors of 523?
523
What are the prime factors of 10496?
2, 41
List the prime factors of 36552.
2, 3, 1523
List the prime factors of 17453.
31, 563
List the prime factors of 6951.
3, 7, 331
What are the prime factors of 324?
2, 3
What are the prime factors of 63372?
2, 3, 5281
List the prime factors of 46020.
2, 3, 5, 13, 59
What are the prime factors of 19493?
101, 193
What are the prime factors of 9887?
9887
What are the prime factors of 330?
2, 3, 5, 11
What are the prime factors of 13875?
3, 5, 37
What are the prime factors of 2733?
3, 911
List the prime factors of 2301.
3, 13, 59
What are the prime factors of 3213?
3, 7, 17
List the prime factors of 1764.
2, 3, 7
List the prime factors of 19775.
5, 7, 113
What are the prime factors of 42340?
2, 5, 29, 73
What are the prime factors of 51935?
5, 13, 17, 47
What are the prime factors of 37800?
2, 3, 5, 7
What are the prime factors of 33813?
3, 13, 17
What are the prime factors of 8376?
2, 3, 349
What are the prime factors of 3864?
2, 3, 7, 23
List the prime factors of 49560.
2, 3, 5, 7, 59
List the prime factors of 108.
2, 3
List the prime factors of 70347.
3, 131, 179
List the prime factors of 108.
2, 3
List the prime factors of 32744.
2, 4093
List the prime factors of 31142.
2, 23, 677
List the prime factors of 2660.
2, 5, 7, 19
What are the prime factors of 428?
2, 107
What are the prime factors of 888?
2, 3, 37
What are the prime factors of 8506?
2, 4253
What are the prime factors of 11663?
107, 109
What are the prime factors of 2609?
2609
List the prime factors of 705.
3, 5, 47
List the prime factors of 248.
2, 31
What are the prime factors of 10151?
10151
What are the prime factors of 2415?
3, 5, 7, 23
What are the prime factors of 13085?
5, 2617
What are the prime factors of 1678?
2, 839
What are the prime factors of 659?
659
What are the prime factors of 109974?
2, 3, 18329
What are the prime factors of 43690?
2, 5, 17, 257
What are the prime factors of 1163?
1163
What are the prime factors of 85433?
37, 2309
List the prime factors of 1224.
2, 3, 17
What are the prime factors of 780?
2, 3, 5, 13
List the prime factors of 6971.
6971
List the prime factors of 2635.
5, 17, 31
List the prime factors of 6427.
6427
What are the prime factors of 18828?
2, 3, 523
What are the prime factors of 6426?
2, 3, 7, 17
List the prime factors of 6358.
2, 11, 17
List the prime factors of 13950.
2, 3, 5, 31
List the prime factors of 4713.
3, 1571
List the prime factors of 4662.
2, 3, 7, 37
What are the prime factors of 20697?
3, 6899
List the prime factors of 63405.
3, 5, 1409
List the prime factors of 591.
3, 197
What are the prime factors of 663?
3, 13, 17
What are the prime factors of 2569?
7, 367
What are the prime factors of 33092?
2, 8273
List the prime factors of 1562.
2, 11, 71
What are the prime factors of 12441?
3, 11, 13, 29
List the prime factors of 9805.
5, 37, 53
List the prime factors of 206.
2, 103
List the prime factors of 2506.
2, 7, 179
List the prime factors of 32663.
89, 367
What are the prime factors of 16212?
2, 3, 7, 193
List the prime factors of 3174.
2, 3, 23
What are the prime factors of 1743?
3, 7, 83
List the prime factors of 90792.
2, 3, 13, 97
What are the prime factors of 1388?
2, 347
List the prime factors of 838.
2, 419
List the prime factors of 29049.
3, 23, 421
